 greatest common factor of 424 and 7950.
106
Calculate the highest common factor of 88 and 12316.
4
Calculate the greatest common factor of 408 and 786.
6
What is the greatest common divisor of 144 and 166356?
36
What is the highest common factor of 4710 and 5070?
30
Calculate the highest common factor of 25710 and 120.
30
What is the greatest common factor of 362871 and 23?
23
What is the greatest common factor of 18 and 161142?
6
What is the highest common factor of 397912 and 16?
8
Calculate the greatest common divisor of 102005 and 368.
23
Calculate the greatest common factor of 392031 and 7353.
387
Calculate the greatest common factor of 960 and 52485.
15
What is the highest common factor of 209895 and 525?
105
What is the highest common factor of 20670 and 90?
30
Calculate the highest common divisor of 3315 and 1820.
65
Calculate the greatest common divisor of 8400 and 202125.
525
What is the greatest common factor of 194041 and 183?
61
What is the highest common divisor of 711808 and 256?
128
Calculate the highest common divisor of 15823096 and 283.
283
What is the greatest common factor of 138255 and 45?
15
What is the highest common divisor of 44644 and 20?
4
What is the highest common divisor of 17 and 3242903?
17
What is the highest common factor of 60 and 16914?
6
What is the greatest common factor of 1856 and 11368?
232
Calculate the highest common divisor of 1909793 and 3755.
751
Calculate the highest common factor of 6644 and 308.
44
Calculate the highest common divisor of 20296 and 344.
344
What is the highest common divisor of 7319950 and 275?
275
Calculate the greatest common factor of 1307706 and 2412.
402
Calculate the greatest common factor of 41 and 5646479.
41
Calculate the highest common divisor of 12322 and 2074.
122
What is the greatest common divisor of 138 and 267?
3
Calculate the highest common factor of 258599 and 11.
11
What is the highest common divisor of 1208 and 8824?
8
What is the greatest common factor of 14484 and 153?
51
Calculate the highest common divisor of 407 and 10164.
11
Calculate the highest common factor of 11712 and 348.
12
What is the greatest common divisor of 1902 and 600?
6
Calculate the greatest common divisor of 20787 and 78.
39
What is the highest common factor of 829795 and 335?
335
Calculate the highest common factor of 1239 and 297486.
21
Calculate the highest common divisor of 3802464 and 4374.
1458
Calculate the highest common factor of 168 and 97568.
8
What is the highest common divisor of 1582 and 1130?
226
Calculate the greatest common divisor of 562 and 408574.
562
Calculate the highest common factor of 222778 and 73370.
1334
What is the highest common factor of 1333043 and 87?
29
Calculate the highest common factor of 2010385 and 3940.
985
What is the greatest common divisor of 316540 and 228?
76
What is the highest common factor of 90497 and 22?
11
What is the greatest common divisor of 478 and 315002?
478
What is the highest common factor of 1826 and 1162?
166
What is the greatest common divisor of 4065 and 286176?
813
What is the highest common divisor of 3582 and 954?
18
Calculate the greatest common divisor of 22 and 211409.
11
What is the greatest common divisor of 557 and 517453?
557
Calculate the highest common factor of 6 and 454917.
3
What is the highest common divisor of 50 and 58?
2
What is the highest common factor of 187 and 99?
11
What is the greatest common factor of 5992 and 6090?
14
Calculate the greatest common divisor of 295 and 463.
1
What is the greatest common factor of 14 and 143122?
14
Calculate the highest common divisor of 114 and 277020.
114
What is the highest common factor of 34545 and 3185?
245
What is the greatest common divisor of 3612 and 349944?
84
Calculate the greatest common factor of 145855 and 155.
155
Calculate the greatest common factor of 622472 and 46168.
1592
Calculate the greatest common divisor of 52048 and 16.
16
Calculate the highest common factor of 772 and 523223.
193
Calculate the highest common divisor of 502376 and 112.
56
Calculate the greatest common divisor of 187655 and 3835.
65
What is the greatest common factor of 79 and 666997?
79
Calculate the highest common divisor of 13677 and 18471.
141
What is the greatest common divisor of 12 and 12709?
1
Calculate the highest common divisor of 1260 and 2996.
28
What is the highest common divisor of 18392 and 88?
88
What is the highest common divisor of 70 and 105385?
35
Calculate the greatest common divisor of 123264 and 21186.
1926
What is the highest common divisor of 408 and 18462?
102
What is the greatest common divisor of 16817 and 1255?
251
Calculate the highest common divisor of 124182 and 18.
18
What is the highest common factor of 88 and 58586?
22
Calculate the highest common divisor of 6440 and 491648.
184
What is the greatest common factor of 3588 and 344?
4
What is the highest common divisor of 800 and 73960?
40
What is the greatest common divisor of 148774 and 146?
146
Calculate the greatest common divisor of 2934 and 3924.
18
Calculate the highest common factor of 3722387 and 62.
31
What is the highest common factor of 123 and 60721?
41
What is the highest common divisor of 1862 and 29155?
49
Calculate the highest common divisor of 7608 and 8.
8
Calculate the greatest common divisor of 70151 and 177.
59
Calculate the greatest common factor of 176 and 1900096.
176
What is the highest common factor of 51126 and 21?
3
Calculate the greatest common divisor of 827325 and 117.
9
Calculate the greatest common factor of 35041 and 134.
67
What is the highest common divisor of 75 and 939?
3
Calculate the greatest common factor of 39510 and 20.
10
What is the greatest common divisor of 580 and 266655?
145
Calculate the greatest common divisor of 49984 and 6688.
352
Calculate the greatest common factor of 72 and 122184.
72
What is the highest common factor of 70 and 480522?
14
What is the highest common factor of 343 and 331142?
49
What is the highest common factor of 2723 and 217?
7
Calculate the highest common divisor of 4874 and 8.
2
Calculate the greatest common factor of 356066 and 124.
62
What is the highest common factor of 37 and 69449?
37
Calculate the highest common factor of 355 and 65.
5
What is the greatest common divisor of 303971 and 197?
197
Calculate the greatest common divisor of 4462 and 230.
46
Calculate the greatest common factor of 5472 and 17664.
96
What is the greatest common factor of 5920 and 76640?
160
Calculate the greatest common divisor of 17395 and 35966.
49
What is the highest common factor of 5888 and 3968?
128
What is the greatest common factor of 53 and 447479?
53
What is the greatest common factor of 1182220 and 156?
52
What is the highest common divisor of 161394 and 8?
2
Calculate the greatest common divisor of 539 and 882931.
49
Calculate the greatest common divisor of 28 and 8260.
28
What is the highest common divisor of 272 and 4648?
8
What is the highest common factor of 2776406 and 74?
74
What is the highest common factor of 3124 and 18964?
44
Calculate the highest common factor of 19517 and 6931.
29
Calculate the greatest common factor of 373 and 856781.
373
What is the greatest common divisor of 13343 and 44?
11
Calculate the highest common divisor of 1509871 and 634.
317
What is the highest common factor of 4713 and 36?
3
What is the highest common divisor of 70 and 700588?
14
What is the greatest common factor of 45173 and 2189?
199
What is the greatest common factor of 61480 and 53?
53
What is the greatest common divisor of 5964 and 1020?
12
Calculate the greatest common factor of 6856616 and 208.
104
What is the greatest common divisor of 1405132 and 178?
178
Calculate the highest common divisor of 17412 and 396.
12
What is the greatest common divisor of 30969 and 3663?
333
What is the highest common factor of 26818 and 506?
506
What is the greatest common factor of 444 and 17592?
12
Calculate the greatest common divisor of 339 and 180800.
113
Calculate the greatest common divisor of 32 and 388576.
32
Calculate the highest common divisor of 924 and 3894.
66
Calculate the greatest common factor of 579 and 40723.
193
Calculate the greatest common divisor of 339 and 37.
1
Calculate the highest common divisor of 16857 and 207.
